{"id":209,"date":"2020-03-25T14:15:07","date_gmt":"2020-03-25T14:15:07","guid":{"rendered":"https:\/\/trast.fi\/?page_id=209"},"modified":"2022-09-29T09:09:19","modified_gmt":"2022-09-29T09:09:19","slug":"artikeleita","status":"publish","type":"page","link":"https:\/\/trast.fi\/index.php\/artikeleita\/","title":{"rendered":"Artikeleita"},"content":{"rendered":"\t\t<div data-elementor-type=\"wp-page\" data-elementor-id=\"209\" class=\"elementor elementor-209\">\n\t\t\t\t\t\t<section class=\"elementor-section elementor-top-section elementor-element elementor-element-ead59c2 elementor-section-boxed elementor-section-height-default elementor-section-height-default\" data-id=\"ead59c2\" data-element_type=\"section\" data-e-type=\"section\">\n\t\t\t\t\t\t<div class=\"elementor-container elementor-column-gap-default\">\n\t\t\t\t\t<div class=\"elementor-column elementor-col-100 elementor-top-column elementor-element elementor-element-66fd848\" data-id=\"66fd848\" data-element_type=\"column\" data-e-type=\"column\">\n\t\t\t<div class=\"elementor-widget-wrap elementor-element-populated\">\n\t\t\t\t\t\t<div class=\"elementor-element elementor-element-68ee2ea elementor-widget elementor-widget-image\" data-id=\"68ee2ea\" data-element_type=\"widget\" data-e-type=\"widget\" data-widget_type=\"image.default\">\n\t\t\t\t<div class=\"elementor-widget-container\">\n\t\t\t\t\t\t\t\t\t\t\t\t\t\t\t<img data-opt-id=644100369  fetchpriority=\"high\" decoding=\"async\" width=\"1024\" height=\"405\" src=\"https:\/\/mlzxus0mbcli.i.optimole.com\/w:1024\/h:405\/q:mauto\/f:best\/https:\/\/trast.fi\/wordpress\/wp-content\/uploads\/2020\/04\/IMG_0025-scaled.jpeg\" class=\"attachment-large size-large wp-image-255\" alt=\"\" srcset=\"https:\/\/mlzxus0mbcli.i.optimole.com\/w:1920\/h:759\/q:mauto\/f:best\/https:\/\/trast.fi\/wordpress\/wp-content\/uploads\/2020\/04\/IMG_0025-scaled.jpeg 2560w, https:\/\/mlzxus0mbcli.i.optimole.com\/w:300\/h:119\/q:mauto\/f:best\/https:\/\/trast.fi\/wordpress\/wp-content\/uploads\/2020\/04\/IMG_0025-scaled.jpeg 300w, https:\/\/mlzxus0mbcli.i.optimole.com\/w:1024\/h:405\/q:mauto\/f:best\/https:\/\/trast.fi\/wordpress\/wp-content\/uploads\/2020\/04\/IMG_0025-scaled.jpeg 1024w, https:\/\/mlzxus0mbcli.i.optimole.com\/w:768\/h:304\/q:mauto\/f:best\/https:\/\/trast.fi\/wordpress\/wp-content\/uploads\/2020\/04\/IMG_0025-scaled.jpeg 768w, https:\/\/mlzxus0mbcli.i.optimole.com\/w:1536\/h:607\/q:mauto\/f:best\/https:\/\/trast.fi\/wordpress\/wp-content\/uploads\/2020\/04\/IMG_0025-scaled.jpeg 1536w, https:\/\/mlzxus0mbcli.i.optimole.com\/w:1920\/h:759\/q:mauto\/f:best\/https:\/\/trast.fi\/wordpress\/wp-content\/uploads\/2020\/04\/IMG_0025-scaled.jpeg 2048w\" sizes=\"(max-width: 1024px) 100vw, 1024px\" \/>\t\t\t\t\t\t\t\t\t\t\t\t\t\t\t<\/div>\n\t\t\t\t<\/div>\n\t\t\t\t\t<\/div>\n\t\t<\/div>\n\t\t\t\t\t<\/div>\n\t\t<\/section>\n\t\t\t\t<section class=\"elementor-section elementor-top-section elementor-element elementor-element-393eced elementor-section-boxed elementor-section-height-default elementor-section-height-default\" data-id=\"393eced\" data-element_type=\"section\" data-e-type=\"section\">\n\t\t\t\t\t\t<div class=\"elementor-container elementor-column-gap-default\">\n\t\t\t\t\t<div class=\"elementor-column elementor-col-100 elementor-top-column elementor-element elementor-element-9566ca5\" data-id=\"9566ca5\" data-element_type=\"column\" data-e-type=\"column\">\n\t\t\t<div class=\"elementor-widget-wrap elementor-element-populated\">\n\t\t\t\t\t\t<div class=\"elementor-element elementor-element-029e07b elementor-widget elementor-widget-heading\" data-id=\"029e07b\" data-element_type=\"widget\" data-e-type=\"widget\" data-widget_type=\"heading.default\">\n\t\t\t\t<div class=\"elementor-widget-container\">\n\t\t\t\t\t<h2 class=\"elementor-heading-title elementor-size-default\">Perint\u00f6vero ja voiko siihen vaikuttaa?<\/h2>\t\t\t\t<\/div>\n\t\t\t\t<\/div>\n\t\t\t\t\t<\/div>\n\t\t<\/div>\n\t\t\t\t\t<\/div>\n\t\t<\/section>\n\t\t\t\t<section class=\"elementor-section elementor-top-section elementor-element elementor-element-7000ddd elementor-section-boxed elementor-section-height-default elementor-section-height-default\" data-id=\"7000ddd\" data-element_type=\"section\" data-e-type=\"section\">\n\t\t\t\t\t\t<div class=\"elementor-container elementor-column-gap-default\">\n\t\t\t\t\t<div class=\"elementor-column elementor-col-100 elementor-top-column elementor-element elementor-element-da87d43\" data-id=\"da87d43\" data-element_type=\"column\" data-e-type=\"column\">\n\t\t\t<div class=\"elementor-widget-wrap elementor-element-populated\">\n\t\t\t\t\t\t<div class=\"elementor-element elementor-element-b9ed10b elementor-widget elementor-widget-text-editor\" data-id=\"b9ed10b\" data-element_type=\"widget\" data-e-type=\"widget\" data-widget_type=\"text-editor.default\">\n\t\t\t\t<div class=\"elementor-widget-container\">\n\t\t\t\t\t\t\t\t\t<p><strong>Useimmat her\u00e4\u00e4v\u00e4t miettim\u00e4\u00e4n perint\u00f6veroa vasta, kun posti toimittaa verohallinnon l\u00e4hett\u00e4m\u00e4n verotusp\u00e4\u00e4t\u00f6ksen. P\u00e4\u00e4t\u00f6ksess\u00e4 todetaan, paljonko veroa on maksettava ja milloin on maksun er\u00e4p\u00e4iv\u00e4. Tuossa vaiheessa perint\u00f6verosuunnittelu on auttamatta liian my\u00f6h\u00e4ist\u00e4.<\/strong><\/p>\n<p>Mit\u00e4 sitten on teht\u00e4viss\u00e4?<\/p>\n<p>L\u00e4hes jokainen miest\u00e4 joutuu maksamaan perint\u00f6veroa ja l\u00e4hes jokaisen meist\u00e4 j\u00e4lkeen j\u00e4\u00e4neet perilliset joutuvat maksavat perint\u00f6veroa. Perint\u00f6vero nousee esille l\u00e4heisen nukuttua pois, mik\u00e4 on raskasta aikaa, tuli kuolema sitten yll\u00e4tt\u00e4en tai ennakoidusti. Joka tapauksessa perint\u00f6veron kanssa joutuu kasvotusten siin\u00e4 vaiheessa el\u00e4m\u00e4\u00e4, kun muitakin murheita ja surua on riitt\u00e4miin.<\/p>\n<p>Tilannetta voi kuitenkin helpottaa tutustumalla perint\u00f6veroon etuk\u00e4teen ja tekem\u00e4ll\u00e4 suunnitelmia tulevaisuuden varalle. Jokainen meist\u00e4 voi tehd\u00e4 testamentin oman kuolemansa varalta ja helpottaa n\u00e4in perillisilleen lankeavaa perint\u00f6verotaakkaa. Kaikki eiv\u00e4t kuitenkaan halua tehd\u00e4 testamenttia, mik\u00e4 on hyvin ymm\u00e4rrett\u00e4v\u00e4\u00e4. Oman kuolevaisuuden ajatuksen kanssa harva meist\u00e4 on sinut. Useimmille peritt\u00e4v\u00e4 varallisuus siirtyykin ilman testamenttia eli suoraan lain mukaisessa j\u00e4rjestyksess\u00e4.<\/p>\n<p>Mit\u00e4 k\u00e4yt\u00e4nn\u00f6ss\u00e4 tapahtuu?<\/p>\n<p>L\u00e4heisen kuoleman, hautajaisten ja muiden v\u00e4litt\u00f6mien toimien j\u00e4lkeen seuraa lakis\u00e4\u00e4teisen velvoitteen t\u00e4ytt\u00e4minen eli perukirjan laatiminen ja perunkirjoituksen pit\u00e4minen. Vastuu perukirjan laatimisesta on l\u00e4himm\u00e4ll\u00e4 omaisella, leskell\u00e4 tai lapsella, joka voi tehd\u00e4 sen itse tai teett\u00e4\u00e4 ammattilaisella. Perukirjaan ei tule kuitenkaan suhtautua kevyesti, sill\u00e4 perukirja on veroilmoitus, jonka perusteella m\u00e4\u00e4r\u00e4t\u00e4\u00e4n perint\u00f6vero. On siis ensisijaisen t\u00e4rke\u00e4\u00e4 valita perukirjan tekij\u00e4 huolella, koska perunkirjoitus on viimeinen tilaisuus, jossa maksettavaan perint\u00f6veroon voi vaikuttaa.<\/p>\n<p>Mist\u00e4 tiet\u00e4\u00e4, tarvitseeko perint\u00f6veroa maksaa?<\/p>\n<p>Perint\u00f6vero on progressiivinen eli mit\u00e4 enemm\u00e4n perii, sit\u00e4 enemm\u00e4n tulee maksettavaa perint\u00f6veroa. Esimerkiksi 500.000 euron arvoisesta perinn\u00f6st\u00e4 vero on jo 70.000 euroa. Perint\u00f6 voi koostua vaikkapa asunnosta, kes\u00e4m\u00f6kist\u00e4, autosta ja k\u00e4teisvaroista. Jos perilliset eiv\u00e4t halua myyd\u00e4 omaisuutta, on edess\u00e4 kysymys, mist\u00e4 rahat perint\u00f6verojen maksuun.<\/p>\n<p>Voiko perint\u00f6veroon vaikuttaa?<\/p>\n<p>Ei ole olemassa kaavaa, jolla perint\u00f6veroa voi pienent\u00e4\u00e4. Jokaisen perheen ja suvun tarina on erilainen. Usein on muodostunut k\u00e4yt\u00e4nteit\u00e4 ja tapoja, jotka yksikertaisesti kirjaamalla perukirjaan&nbsp; perint\u00f6vero pienenee huomattavasti. Esimerkkiperheemme 500.000 euron perinn\u00f6st\u00e4 m\u00e4\u00e4r\u00e4tty 70.000 euron perint\u00f6vero aleni t\u00e4ll\u00e4 tavoin 15.000 euroa.<\/p>\n<p>Onko perint\u00f6verosuunnittelu kielletty\u00e4 veronkiertoa?<\/p>\n<p>Jos todellisuudelle annetaan toinen muoto ja keksit\u00e4\u00e4n satuja, l\u00e4hestyt\u00e4\u00e4n kielletty\u00e4 veronkiertoa tai jopa veropetosta. Mik\u00e4li taas verohallinnolle ilmoitetaan ne olennaiset perint\u00f6veroon vaikuttavat seikat ja suunnitelmat, on kysymys viisaan veronmaksajan toimista.<\/p>\t\t\t\t\t\t\t\t<\/div>\n\t\t\t\t<\/div>\n\t\t\t\t\t<\/div>\n\t\t<\/div>\n\t\t\t\t\t<\/div>\n\t\t<\/section>\n\t\t\t\t<\/div>\n\t\t","protected":false},"excerpt":{"rendered":"<p>Perint\u00f6vero ja voiko siihen vaikuttaa? Useimmat her\u00e4\u00e4v\u00e4t miettim\u00e4\u00e4n perint\u00f6veroa vasta, kun posti toimittaa verohallinnon l\u00e4hett\u00e4m\u00e4n verotusp\u00e4\u00e4t\u00f6ksen. P\u00e4\u00e4t\u00f6ksess\u00e4 todetaan, paljonko veroa on maksettava ja milloin on maksun er\u00e4p\u00e4iv\u00e4. Tuossa vaiheessa perint\u00f6verosuunnittelu on auttamatta liian my\u00f6h\u00e4ist\u00e4. Mit\u00e4 sitten on teht\u00e4viss\u00e4? L\u00e4hes jokainen miest\u00e4 joutuu maksamaan perint\u00f6veroa ja l\u00e4hes jokaisen meist\u00e4 j\u00e4lkeen j\u00e4\u00e4neet perilliset joutuvat maksavat perint\u00f6veroa. Perint\u00f6vero&hellip;&nbsp;<a href=\"https:\/\/trast.fi\/index.php\/artikeleita\/\" rel=\"bookmark\">Lue lis\u00e4\u00e4 &raquo;<span class=\"screen-reader-text\">Artikeleita<\/span><\/a><\/p>\n","protected":false},"author":1,"featured_media":0,"parent":0,"menu_order":0,"comment_status":"closed","ping_status":"closed","template":"page-templates\/template-pagebuilder-full-width.php","meta":{"_monsterinsights_skip_tracking":false,"_monsterinsights_sitenote_active":false,"_monsterinsights_sitenote_note":"","_monsterinsights_sitenote_category":0,"neve_meta_sidebar":"","neve_meta_container":"","neve_meta_enable_content_width":"","neve_meta_content_width":70,"neve_meta_title_alignment":"","neve_meta_author_avatar":"","neve_post_elements_order":"","neve_meta_disable_header":"","neve_meta_disable_footer":"","neve_meta_disable_title":"","_themeisle_gutenberg_block_has_review":false,"footnotes":""},"class_list":["post-209","page","type-page","status-publish","hentry"],"yoast_head":"<!-- This site is optimized with the Yoast SEO plugin v27.6 - https:\/\/yoast.com\/product\/yoast-seo-wordpress\/ -->\n<title>Artikeleita - Lakiasiaintoimisto Trast Oy<\/title>\n<meta name=\"description\" content=\"Mik\u00e4 perint\u00f6vero on ja voiko siihen vaikuttaa? Voiko perint\u00f6verossa s\u00e4\u00e4st\u00e4\u00e4? Milloin on oikea aika perint\u00f6verosuunnittelulle?\" \/>\n<meta name=\"robots\" content=\"index, follow, max-snippet:-1, max-image-preview:large, max-video-preview:-1\" \/>\n<link rel=\"canonical\" href=\"https:\/\/trast.fi\/index.php\/artikeleita\/\" \/>\n<meta property=\"og:locale\" content=\"fi_FI\" \/>\n<meta property=\"og:type\" content=\"article\" \/>\n<meta property=\"og:title\" content=\"Artikeleita - Lakiasiaintoimisto Trast Oy\" \/>\n<meta property=\"og:description\" content=\"Mik\u00e4 perint\u00f6vero on ja voiko siihen vaikuttaa? Voiko perint\u00f6verossa s\u00e4\u00e4st\u00e4\u00e4? Milloin on oikea aika perint\u00f6verosuunnittelulle?\" \/>\n<meta property=\"og:url\" content=\"https:\/\/trast.fi\/index.php\/artikeleita\/\" \/>\n<meta property=\"og:site_name\" content=\"Lakiasiaintoimisto Trast Oy\" \/>\n<meta property=\"article:modified_time\" content=\"2022-09-29T09:09:19+00:00\" \/>\n<meta property=\"og:image\" content=\"https:\/\/mlzxus0mbcli.i.optimole.com\/w:1024\/h:405\/q:mauto\/f:best\/https:\/\/trast.fi\/wordpress\/wp-content\/uploads\/2020\/04\/IMG_0025.jpeg\" \/>\n<meta name=\"twitter:card\" content=\"summary_large_image\" \/>\n<meta name=\"twitter:label1\" content=\"Arvioitu lukuaika\" \/>\n\t<meta name=\"twitter:data1\" content=\"3 minuuttia\" \/>\n<script type=\"application\/ld+json\" class=\"yoast-schema-graph\">{\"@context\":\"https:\\\/\\\/schema.org\",\"@graph\":[{\"@type\":\"WebPage\",\"@id\":\"https:\\\/\\\/trast.fi\\\/index.php\\\/artikeleita\\\/\",\"url\":\"https:\\\/\\\/trast.fi\\\/index.php\\\/artikeleita\\\/\",\"name\":\"Artikeleita - Lakiasiaintoimisto Trast Oy\",\"isPartOf\":{\"@id\":\"https:\\\/\\\/trast.fi\\\/#website\"},\"primaryImageOfPage\":{\"@id\":\"https:\\\/\\\/trast.fi\\\/index.php\\\/artikeleita\\\/#primaryimage\"},\"image\":{\"@id\":\"https:\\\/\\\/trast.fi\\\/index.php\\\/artikeleita\\\/#primaryimage\"},\"thumbnailUrl\":\"https:\\/\\/trast.fi\\/wordpress\\/wp-content\\/uploads\\/2020\\/04\\/IMG_0025-1024x405.jpeg\",\"datePublished\":\"2020-03-25T14:15:07+00:00\",\"dateModified\":\"2022-09-29T09:09:19+00:00\",\"description\":\"Mik\u00e4 perint\u00f6vero on ja voiko siihen vaikuttaa? Voiko perint\u00f6verossa s\u00e4\u00e4st\u00e4\u00e4? Milloin on oikea aika perint\u00f6verosuunnittelulle?\",\"breadcrumb\":{\"@id\":\"https:\\\/\\\/trast.fi\\\/index.php\\\/artikeleita\\\/#breadcrumb\"},\"inLanguage\":\"fi\",\"potentialAction\":[{\"@type\":\"ReadAction\",\"target\":[\"https:\\\/\\\/trast.fi\\\/index.php\\\/artikeleita\\\/\"]}]},{\"@type\":\"ImageObject\",\"inLanguage\":\"fi\",\"@id\":\"https:\\\/\\\/trast.fi\\\/index.php\\\/artikeleita\\\/#primaryimage\",\"url\":\"https:\\/\\/trast.fi\\/wordpress\\/wp-content\\/uploads\\/2020\\/04\\/IMG_0025-1024x405.jpeg\",\"contentUrl\":\"https:\\/\\/trast.fi\\/wordpress\\/wp-content\\/uploads\\/2020\\/04\\/IMG_0025-1024x405.jpeg\"},{\"@type\":\"BreadcrumbList\",\"@id\":\"https:\\\/\\\/trast.fi\\\/index.php\\\/artikeleita\\\/#breadcrumb\",\"itemListElement\":[{\"@type\":\"ListItem\",\"position\":1,\"name\":\"Home\",\"item\":\"https:\\\/\\\/trast.fi\\\/\"},{\"@type\":\"ListItem\",\"position\":2,\"name\":\"Artikeleita\"}]},{\"@type\":\"WebSite\",\"@id\":\"https:\\\/\\\/trast.fi\\\/#website\",\"url\":\"https:\\\/\\\/trast.fi\\\/\",\"name\":\"LTSO Trast Oy\",\"description\":\"Verojuristi Veroasiantuntija\",\"publisher\":{\"@id\":\"https:\\\/\\\/trast.fi\\\/#organization\"},\"potentialAction\":[{\"@type\":\"SearchAction\",\"target\":{\"@type\":\"EntryPoint\",\"urlTemplate\":\"https:\\\/\\\/trast.fi\\\/?s={search_term_string}\"},\"query-input\":{\"@type\":\"PropertyValueSpecification\",\"valueRequired\":true,\"valueName\":\"search_term_string\"}}],\"inLanguage\":\"fi\"},{\"@type\":\"Organization\",\"@id\":\"https:\\\/\\\/trast.fi\\\/#organization\",\"name\":\"Lakiasiaintoimisto Trast Oy\",\"url\":\"https:\\\/\\\/trast.fi\\\/\",\"logo\":{\"@type\":\"ImageObject\",\"inLanguage\":\"fi\",\"@id\":\"https:\\\/\\\/trast.fi\\\/#\\\/schema\\\/logo\\\/image\\\/\",\"url\":\"https:\\/\\/trast.fi\\/wordpress\\/wp-content\\/uploads\\/2019\\/08\\/image.png\",\"contentUrl\":\"https:\\/\\/trast.fi\\/wordpress\\/wp-content\\/uploads\\/2019\\/08\\/image.png\",\"width\":2500,\"height\":2500,\"caption\":\"Lakiasiaintoimisto Trast Oy\"},\"image\":{\"@id\":\"https:\\\/\\\/trast.fi\\\/#\\\/schema\\\/logo\\\/image\\\/\"}}]}<\/script>\n<!-- \/ Yoast SEO plugin. -->","yoast_head_json":{"title":"Artikeleita - Lakiasiaintoimisto Trast Oy","description":"Mik\u00e4 perint\u00f6vero on ja voiko siihen vaikuttaa? Voiko perint\u00f6verossa s\u00e4\u00e4st\u00e4\u00e4? Milloin on oikea aika perint\u00f6verosuunnittelulle?","robots":{"index":"index","follow":"follow","max-snippet":"max-snippet:-1","max-image-preview":"max-image-preview:large","max-video-preview":"max-video-preview:-1"},"canonical":"https:\/\/trast.fi\/index.php\/artikeleita\/","og_locale":"fi_FI","og_type":"article","og_title":"Artikeleita - Lakiasiaintoimisto Trast Oy","og_description":"Mik\u00e4 perint\u00f6vero on ja voiko siihen vaikuttaa? Voiko perint\u00f6verossa s\u00e4\u00e4st\u00e4\u00e4? Milloin on oikea aika perint\u00f6verosuunnittelulle?","og_url":"https:\/\/trast.fi\/index.php\/artikeleita\/","og_site_name":"Lakiasiaintoimisto Trast Oy","article_modified_time":"2022-09-29T09:09:19+00:00","og_image":[{"url":"https:\/\/mlzxus0mbcli.i.optimole.com\/w:1024\/h:405\/q:mauto\/f:best\/https:\/\/trast.fi\/wordpress\/wp-content\/uploads\/2020\/04\/IMG_0025.jpeg","type":"","width":"","height":""}],"twitter_card":"summary_large_image","twitter_misc":{"Arvioitu lukuaika":"3 minuuttia"},"schema":{"@context":"https:\/\/schema.org","@graph":[{"@type":"WebPage","@id":"https:\/\/trast.fi\/index.php\/artikeleita\/","url":"https:\/\/trast.fi\/index.php\/artikeleita\/","name":"Artikeleita - Lakiasiaintoimisto Trast Oy","isPartOf":{"@id":"https:\/\/trast.fi\/#website"},"primaryImageOfPage":{"@id":"https:\/\/trast.fi\/index.php\/artikeleita\/#primaryimage"},"image":{"@id":"https:\/\/trast.fi\/index.php\/artikeleita\/#primaryimage"},"thumbnailUrl":"https:\/\/mlzxus0mbcli.i.optimole.com\/w:1024\/h:405\/q:mauto\/f:best\/https:\/\/trast.fi\/wordpress\/wp-content\/uploads\/2020\/04\/IMG_0025.jpeg","datePublished":"2020-03-25T14:15:07+00:00","dateModified":"2022-09-29T09:09:19+00:00","description":"Mik\u00e4 perint\u00f6vero on ja voiko siihen vaikuttaa? Voiko perint\u00f6verossa s\u00e4\u00e4st\u00e4\u00e4? Milloin on oikea aika perint\u00f6verosuunnittelulle?","breadcrumb":{"@id":"https:\/\/trast.fi\/index.php\/artikeleita\/#breadcrumb"},"inLanguage":"fi","potentialAction":[{"@type":"ReadAction","target":["https:\/\/trast.fi\/index.php\/artikeleita\/"]}]},{"@type":"ImageObject","inLanguage":"fi","@id":"https:\/\/trast.fi\/index.php\/artikeleita\/#primaryimage","url":"https:\/\/mlzxus0mbcli.i.optimole.com\/w:1024\/h:405\/q:mauto\/f:best\/https:\/\/trast.fi\/wordpress\/wp-content\/uploads\/2020\/04\/IMG_0025.jpeg","contentUrl":"https:\/\/mlzxus0mbcli.i.optimole.com\/w:1024\/h:405\/q:mauto\/f:best\/https:\/\/trast.fi\/wordpress\/wp-content\/uploads\/2020\/04\/IMG_0025.jpeg"},{"@type":"BreadcrumbList","@id":"https:\/\/trast.fi\/index.php\/artikeleita\/#breadcrumb","itemListElement":[{"@type":"ListItem","position":1,"name":"Home","item":"https:\/\/trast.fi\/"},{"@type":"ListItem","position":2,"name":"Artikeleita"}]},{"@type":"WebSite","@id":"https:\/\/trast.fi\/#website","url":"https:\/\/trast.fi\/","name":"LTSO Trast Oy","description":"Verojuristi Veroasiantuntija","publisher":{"@id":"https:\/\/trast.fi\/#organization"},"potentialAction":[{"@type":"SearchAction","target":{"@type":"EntryPoint","urlTemplate":"https:\/\/trast.fi\/?s={search_term_string}"},"query-input":{"@type":"PropertyValueSpecification","valueRequired":true,"valueName":"search_term_string"}}],"inLanguage":"fi"},{"@type":"Organization","@id":"https:\/\/trast.fi\/#organization","name":"Lakiasiaintoimisto Trast Oy","url":"https:\/\/trast.fi\/","logo":{"@type":"ImageObject","inLanguage":"fi","@id":"https:\/\/trast.fi\/#\/schema\/logo\/image\/","url":"https:\/\/mlzxus0mbcli.i.optimole.com\/w:auto\/h:auto\/q:mauto\/f:best\/https:\/\/trast.fi\/wordpress\/wp-content\/uploads\/2019\/08\/image.png","contentUrl":"https:\/\/mlzxus0mbcli.i.optimole.com\/w:auto\/h:auto\/q:mauto\/f:best\/https:\/\/trast.fi\/wordpress\/wp-content\/uploads\/2019\/08\/image.png","width":2500,"height":2500,"caption":"Lakiasiaintoimisto Trast Oy"},"image":{"@id":"https:\/\/trast.fi\/#\/schema\/logo\/image\/"}}]}},"_links":{"self":[{"href":"https:\/\/trast.fi\/index.php\/wp-json\/wp\/v2\/pages\/209","targetHints":{"allow":["GET"]}}],"collection":[{"href":"https:\/\/trast.fi\/index.php\/wp-json\/wp\/v2\/pages"}],"about":[{"href":"https:\/\/trast.fi\/index.php\/wp-json\/wp\/v2\/types\/page"}],"author":[{"embeddable":true,"href":"https:\/\/trast.fi\/index.php\/wp-json\/wp\/v2\/users\/1"}],"replies":[{"embeddable":true,"href":"https:\/\/trast.fi\/index.php\/wp-json\/wp\/v2\/comments?post=209"}],"version-history":[{"count":9,"href":"https:\/\/trast.fi\/index.php\/wp-json\/wp\/v2\/pages\/209\/revisions"}],"predecessor-version":[{"id":515,"href":"https:\/\/trast.fi\/index.php\/wp-json\/wp\/v2\/pages\/209\/revisions\/515"}],"wp:attachment":[{"href":"https:\/\/trast.fi\/index.php\/wp-json\/wp\/v2\/media?parent=209"}],"curies":[{"name":"wp","href":"https:\/\/api.w.org\/{rel}","templated":true}]}}